units digit of g?
1
Let v = -3 + 29. Suppose 4*h - 10 - v = 0. What is the units digit of h?
9
Suppose -3*i = -2*r - 11, -3*i = -4*r - 17 - 2. What is the units digit of i?
1
Let l = 70 + -39. Let i = l + -22. Suppose 0 = -3*f + 6*f - i. What is the units digit of f?
3
Let l = 1 + 2. Let o(f) = 4*f**2 + 4*f**3 + 2*f - 4*f**3 + 1 + f**l. What is the units digit of o(-3)?
4
Suppose 6*q - 4*q = 2. Suppose -24 = -r - q. What is the units digit of r?
3
Suppose 4*x - 30 = -x. What is the units digit of -1 + 17 + x + -4?
8
Let x(o) = -o**3 + 8*o**2 - 5*o - 8. Let b be x(7). Let d(w) = w - 4. Let l be d(b). Suppose l*i + 12 = 5*i. What is the units digit of i?
4
Let v(x) = 6*x - 1. Suppose 0*n + 2*n + 5*s = 31, 2*n + s - 11 = 0. What is the tens digit of v(n)?
1
Suppose -2*o + 8 = 2*v, -2*o + 3*v = o + 12. Suppose 5*k = -5*g + 95, -5*k + g + 39 + 44 = o. What is the tens digit of k?
1
What is the tens digit of (-2)/(-6)*-127*(-9)/3?
2
Let y = -11 + 8. Let h = -1 - y. Suppose 0 = 6*v - h*v - 36. What is the units digit of v?
9
What is the units digit of (4 + 2)*((-15)/(-6) + -2)?
3
Let k(m) = -m**3 + 7*m**2 - 5*m - 5. Let h be k(6). What is the units digit of 3 - (-5 + 0 + h)?
7
Suppose 4*c = m - 0*m + 17, 5*m + 55 = 5*c. What is the units digit of m/(-2) - 6/(-12)?
5
What is the tens digit of (-1 + -1)/(6/(-75))?
2
Suppose -5*m - 11 + 1 = 0. Let v = 5 + m. What is the units digit of v?
3
Let p = 333 - 148. What is the hundreds digit of p?
1
Let x(q) = -q**3 + 6*q**2 + q + 2. Let b(p) = -p. Let j(l) = 5*b(l) + x(l). What is the units digit of j(5)?
7
Let y(n) = 7*n**2 + 4*n - 5. Let l(u) be the second derivative of -u**4/4 - u**3/3 + u**2 - u. Let q(k) = 5*l(k) + 2*y(k). What is the units digit of q(-1)?
1
Suppose -161 = -5*k + 3*z, -z - 16 = 5*k - 169. Suppose 0 = -4*o - k + 95. What is the tens digit of o?
1
Let m be (-2)/((-1)/8*2). Let f(y) = y**2 + 8*y + 9. Let p(q) = -6*q**2 - 41*q - 45. Let c(z) = -11*f(z) - 2*p(z). What is the units digit of c(m)?
7
Suppose -k = -6*k + 265. What is the units digit of k?
3
Let r(u) = -u**3 + 15*u**2 - 15*u + 11. Let k be r(14). What is the tens digit of 10/(-15) + (-62)/k?
2
Let j = -30 + 44. Let o(r) = -r**2 + 5*r + 5. Let i be o(5). Suppose x - j - 37 = -i*d, -4*x = -4*d + 60. What is the units digit of d?
1
Suppose -l + 2 = -43. What is the tens digit of 10/l + (-374)/(-18)?
2
Suppose n + 20 = 3*n. Let i(s) = 0 + s - 2 + 3. What is the units digit of i(n)?
1
Suppose 5*f + 400 = 5*u, 0 = 5*u + 5*f + 6 - 356. What is the units digit of u?
5
Let q(i) = 25*i - 36. What is the hundreds digit of q(12)?
2
Let t(g) = 2*g**2 + 3*g + 3. Let s = -10 + 6. What is the tens digit of t(s)?
2
Let f be (-2)/(-2) + 0 + 17. Suppose -2*l - l + f = 0. What is the units digit of l?
6
Let k(v) = 10*v**2 + 9*v + 9. Let u(c) = c**2 + c + 1. Let m(w) = 2*k(w) - 18*u(w). What is the units digit of m(-2)?
8
Suppose -6*v - 45 = -v. What is the tens digit of (-2)/v + 264/27?
1
Let u = 4 + -6. Let y be (u/(-3))/(2/6). Suppose -2*j = y*j - 28. What is the units digit of j?
7
Suppose -c + 8 = -5*c, l = 3*c + 27. Let w = 33 - l. What is the units digit of 54/w + 1/(-2)?
4
Suppose 0 + 12 = -3*m. What is the tens digit of (5 + m)/(-1) + 54?
5
What is the units digit of 21/(-35) + 46/10?
4
What is the units digit of 0 + (66*-1)/(-2)?
3
Let t be (-3)/((-3)/(-4)) - 3. What is the units digit of 0 + 1 - 84/t?
3
Suppose -5*y - 15 = -4*h - 0*y, 4*h + y = -3. Suppose 5*t + 2*r - 4 = -h*r, -3*t + 3*r = -15. Suppose t*v - 3 = 7. What is the units digit of v?
5
Let j be -7*(-4)/((-16)/(-20)). What is the units digit of (96/(-40))/((-2)/j)?
2
Let g(p) = -9*p**2 + 4*p + 6*p**2 - 8 - 2*p**2 + 6*p**2. What is the tens digit of g(-7)?
1
What is the tens digit of 25/(-5)*(0 + -42)?
1
Suppose -5*m + 14 = -6. Suppose 0 = 3*a - 17 - 1. Let l = a - m. What is the units digit of l?
2
Suppose -5*l - 15 = 0, 0 = 2*g - 3*l + 5 - 20. Suppose 2*q + 1 = 7, -g*q - 59 = -4*i. What is the units digit of i?
7
Let g = -3 + 7. Suppose 5*r + 420 - 41 = -t, t - 296 = g*r. What is the tens digit of (-8)/(-6)*r/(-10)?
1
Let c = -15 + 17. Suppose 61 + 25 = c*i. What is the units digit of i?
3
Suppose 0 = 3*a - 7 - 2. Suppose l - a*l = -4, 3*c = -5*l + 58. What is the units digit of c?
6
Suppose -b - 5*n + 50 = 0, -3*b + 10 = n - 126. What is the tens digit of b?
4
What is the units digit of 816/20 - (-1)/(3 - -2)?
1
Let y(m) be the second derivative of -m**6/360 - m**5/24 - m**4/8 - m**3/6 + 3*m. Let j(k) be the second derivative of y(k). What is the units digit of j(-2)?
3
Let k = 234 + -67. What is the tens digit of k?
6
Suppose 0 = -3*f + 5*m - 155, -2*f - 6*m + 2*m = 74. What is the tens digit of f/(-4) + (-3)/12?
1
Suppose 5*x - 356 - 269 = 0. What is the tens digit of x?
2
Let z(r) = 9*r**3 - 2*r**2 + 1. Let u be -1*(1 + 17)/3. Let c = 7 + u. What is the units digit of z(c)?
8
Suppose -6 = 2*d - u, -3*d - 3*u + 13 = u. What is the units digit of (d/(-3))/1*60?
0
Let t(s) = 15*s + 6. What is the tens digit of t(5)?
8
Let m = 15 - 11. Suppose -5*h + 4 + 6 = 0, m*h = t - 1. Suppose t = w + 2*w. What is the units digit of w?
3
Let f be ((-3)/(-4))/(12/32). Suppose -f*l + 140 = -6*l. Let t = l + 52. What is the units digit of t?
7
Suppose 2*a + a - 308 = 2*g, 3*g = 3*a - 309. What is the tens digit of a?
0
Suppose 40 = 5*f - 0. What is the units digit of f?
8
Suppose 14 - 38 = 2*k. Let v = 30 + k. What is the units digit of v?
8
Suppose 2*w = 4*w. Suppose w = -3*d + 4*m - 2, -4*d + 0*m + 4 = -2*m. What is the units digit of d/(-4)*24/(-2)?
6
Let f(a) = -5*a + 16. Let u(d) = -3*d + 8. Let s(j) = -4*f(j) + 7*u(j). Let c be s(-5). What is the units digit of c*(-1)/(-3)*-4?
4
Suppose -37 - 47 = -2*s. Let a be (2/3)/(2/s). Suppose -w - 3 + a = 0. What is the tens digit of w?
1
Let j(s) = s**2 + 2 - 6*s + 4*s - 3 + s**3. Let u be j(3). What is the units digit of u/3 + 4/(-6)?
9
Let k(m) = 73*m**2 - 3*m - 1. What is the units digit of k(-2)?
7
Let w(r) be the second derivative of r**4/12 + 5*r**3/6 + 9*r**2/2 - 3*r. Suppose -4*v + 1 + 3 = 0, 3*v - 21 = 3*l. What is the units digit of w(l)?
5
Suppose 0 = i + 5*g - 43, 114 = 3*i - i - 4*g. What is the tens digit of i?
5
Suppose -16 = -2*o - 4. Suppose -10 = -a + o*a. What is the units digit of 1/a - (-34)/4?
8
Let u be ((-6)/4)/(12/(-16)). Let d be u + -2*2/4. Suppose -a + 2 = -d. What is the units digit of a?
3
Let y(h) be the second derivative of -h**2 + 1/6*h**3 + 0 + 3*h - 5/12*h**4 + 1/20*h**5. What is the units digit of y(5)?
3
Let c(y) = y**3 - 8*y**2 + 7*y + 20. What is the units digit of c(10)?
0
Suppose 2*h - 5 = 45. What is the units digit of h?
5
Suppose -8*o = -11*o + 441. What is the tens digit of o?
4
Let j(k) = -17*k**3 - 2*k**2 - k. Let m be j(-1). Suppose i + 0*u = -4*u + m, 5*u = -2*i + 23. What is the units digit of i?
4
Suppose 5*a - 9 = 1. Let b = a - 4. Let j = b + 8. What is the units digit of j?
6
Let q(t) be the third derivative of t**6/120 + t**4/24 + t**3/3 - t**2. Let g be q(2). Let b(j) = j - 9. What is the units digit of b(g)?
3
Suppose 8*d - 51 = 7*d. What is the units digit of d?
1
Let c be 64/12 - 2/6. Let j = 8 - c. Suppose -x + 15 = -2*p + 6, -x + 9 = j*p. What is the units digit of x?
9
Let u(x) = 3*x**2 + 3*x - 3. Suppose 6*y - y - 10 = 0. What is the units digit of u(y)?
5
Let x be 6 + -1 + (-2 - -4). Suppose -f + x = -4*o, 3*f - 17 = 3*o - 5. Suppose -d - 3*d = -f*j - 29, -3*j = -3. What is the units digit of d?
8
Let r = 11 - 20. Let m(q) = -3*q - 9. What is the units digit of m(r)?
8
Suppose 5*u - 4*a + a = 351, 67 = u + a. What is the units digit of u?
9
Suppose 4*z - 155 = -5*v - z, 42 = 2*v - 2*z. What is the tens digit of v?
2
Let o = 6 - 15. Let c = o - -22. What is the tens digit of c?
1
Suppose 4*x + 88 - 16 = 0. What is the tens digit of x*2/4*-2?
1
Let i(x) be the first derivative of x**5/60 - x**3/6 + x**2 + 2. Let l(s) be the second derivative of i(s). What is the units digit of l(3)?
8
Let i be (-4)/14 - (-76)/(-28). Let f = i + -1. What is the units digit of (f/(-3))/((-2)/(-3))?
2
Let l = 12 + -10. What is the units digit of -2 - 3*(l - 5)?
7
Let i(l) = 6*l - 2. Let r be i(-3). What is the units digit of 5/(r/8)*-17?
4
Suppose 5*h + 6*r - r - 10 = 0, -4*h = 3*r - 8. What is the t